eatest common factor of 42069 and 111.
111
What is the highest common factor of 360 and 324?
36
Calculate the greatest common factor of 20 and 2020.
20
What is the greatest common divisor of 324 and 8?
4
What is the greatest common divisor of 3 and 51?
3
What is the highest common factor of 468 and 819?
117
Calculate the highest common divisor of 2839 and 334.
167
Calculate the greatest common factor of 3952 and 156.
52
Calculate the highest common factor of 6416 and 48.
16
What is the highest common divisor of 2310 and 693?
231
What is the greatest common factor of 3806 and 88?
22
Calculate the highest common divisor of 752 and 1363.
47
What is the greatest common factor of 897 and 624?
39
Calculate the greatest common factor of 184 and 322.
46
What is the greatest common divisor of 275 and 22?
11
Calculate the highest common factor of 304 and 432.
16
Calculate the highest common factor of 425 and 17.
17
Calculate the greatest common factor of 672 and 924.
84
What is the greatest common factor of 955 and 35?
5
Calculate the greatest common factor of 583 and 176.
11
What is the highest common divisor of 243 and 153?
9
What is the highest common factor of 57 and 1577?
19
What is the greatest common divisor of 1164 and 24?
12
Calculate the highest common factor of 301 and 7.
7
Calculate the greatest common divisor of 2065 and 70.
35
What is the highest common divisor of 86 and 26?
2
Calculate the greatest common divisor of 41 and 123.
41
Calculate the greatest common factor of 216 and 76.
4
Calculate the highest common divisor of 140 and 896.
28
Calculate the highest common divisor of 120 and 110.
10
Calculate the greatest common divisor of 143 and 33.
11
Calculate the highest common factor of 1236 and 12.
12
Calculate the greatest common divisor of 65 and 1157.
13
Calculate the greatest common factor of 12 and 366.
6
What is the greatest common divisor of 75 and 12?
3
Calculate the highest common factor of 1508 and 20.
4
What is the highest common factor of 984 and 120?
24
Calculate the highest common factor of 330 and 132.
66
What is the highest common divisor of 256 and 6672?
16
Calculate the greatest common factor of 8226 and 18.
18
Calculate the greatest common divisor of 1147 and 37.
37
What is the highest common factor of 961 and 31?
31
What is the greatest common factor of 55 and 35?
5
Calculate the highest common factor of 2 and 1.
1
What is the greatest common factor of 135 and 10?
5
What is the greatest common divisor of 308 and 196?
28
Calculate the highest common factor of 146 and 2993.
73
What is the greatest common factor of 28 and 3514?
14
Calculate the highest common divisor of 47 and 2820.
47
Calculate the highest common factor of 1692 and 329.
47
What is the highest common factor of 65 and 35?
5
Calculate the highest common factor of 396 and 1364.
44
Calculate the greatest common factor of 12057 and 6.
3
What is the highest common factor of 440 and 6710?
110
What is the highest common factor of 5 and 415?
5
What is the highest common factor of 5 and 135?
5
What is the highest common divisor of 345 and 184?
23
What is the highest common divisor of 36331 and 47?
47
What is the greatest common divisor of 63 and 180?
9
Calculate the greatest common factor of 168 and 216.
24
What is the greatest common divisor of 153 and 36?
9
Calculate the highest common divisor of 375 and 9525.
75
Calculate the greatest common factor of 102 and 1683.
51
What is the highest common divisor of 17 and 391?
17
Calculate the greatest common divisor of 663 and 204.
51
What is the highest common divisor of 5343 and 274?
137
Calculate the highest common divisor of 1670 and 10.
10
Calculate the highest common factor of 1740 and 900.
60
What is the greatest common factor of 5 and 835?
5
Calculate the highest common divisor of 16 and 6696.
8
What is the greatest common divisor of 2575 and 50?
25
Calculate the highest common factor of 7896 and 196.
28
What is the greatest common factor of 3 and 21?
3
Calculate the greatest common factor of 204 and 1236.
12
What is the highest common factor of 407 and 11?
11
What is the highest common factor of 2601 and 45?
9
What is the highest common factor of 6620 and 20?
20
Calculate the greatest common divisor of 63 and 1791.
9
What is the greatest common factor of 340 and 3140?
20
What is the greatest common factor of 52 and 104?
52
What is the greatest common factor of 736 and 23?
23
What is the highest common factor of 4 and 13?
1
Calculate the highest common divisor of 1085 and 1120.
35
Calculate the highest common factor of 58 and 58.
58
What is the highest common divisor of 154 and 2541?
77
Calculate the highest common divisor of 145 and 5.
5
What is the highest common divisor of 499 and 3?
1
Calculate the highest common factor of 3 and 285.
3
Calculate the highest common factor of 396 and 36.
36
Calculate the greatest common divisor of 100 and 150.
50
What is the highest common divisor of 135 and 54?
27
Calculate the greatest common factor of 30 and 7005.
15
Calculate the greatest common divisor of 34 and 4.
2
Calculate the highest common divisor of 1292 and 1088.
68
What is the greatest common divisor of 319 and 11?
11
Calculate the highest common factor of 552 and 69.
69
Calculate the highest common divisor of 789 and 3.
3
What is the greatest common factor of 812 and 196?
28
Calculate the highest common factor of 26 and 1664.
26
What is the greatest common divisor of 808 and 24?
8
What is the highest common divisor of 252 and 5418?
126
What is the greatest common divisor of 1920 and 110?
10
Calculate the highest common factor of 420 and 5740.
140
Calculate the highest common factor of 24 and 6.
6
What is the greatest common divisor of 25878 and 227?
227
What is the highest common factor of 17 and 17?
17
What is the highest common factor of 583 and 11?
11
Calculate the greatest common divisor of 2414 and 34.
34
Calculate the highest common factor of 16 and 1200.
16
Calculate the highest common factor of 7575 and 100.
25
What is the greatest common factor of 34 and 10?
2
Calculate the highest common factor of 36 and 244.
4
What is the greatest common divisor of 57 and 9101?
19
What is the greatest common factor of 494 and 874?
38
What is the greatest common divisor of 5559 and 51?
51
Calculate the greatest common divisor of 24 and 1636.
4
What is the greatest common divisor of 26 and 3926?
26
Calculate the highest common factor of 4 and 112.
4
Calculate the highest common divisor of 89 and 890.
89
What is the highest common divisor of 55 and 11?
11
What is the greatest common divisor of 1960 and 5635?
245
What is the greatest common divisor of 19 and 171?
19
Calculate the highest common factor of 3 and 1119.
3
What is the greatest common divisor of 426 and 284?
142
What is the highest common factor of 34 and 2363?
17
What is the highest common divisor of 598 and 322?
46
What is the highest common divisor of 21 and 119?
7
What is the greatest common factor of 120 and 210?
30
What is the greatest common factor of 25 and 25?
25
Calculate the greatest common divisor of 27 and 3.
3
Calculate the highest common factor of 420 and 180.
60
Calculate the greatest common divisor of 88 and 21142.
22
What is the greatest common divisor of 18 and 72882?
18
Calculate the greatest common divisor of 2688 and 21.
21
What is the highest common factor of 9701 and 89?
89
What is the highest common divisor of 155 and 35?
5
What is the greatest common divisor of 5 and 7?
1
What is the greatest common divisor of 3240 and 40?
40
Calculate the highest common divisor of 7 and 14.
7
Calculate the greatest common factor of 704 and 22.
22
What is the greatest common divisor of 94 and 18?
2
Calculate the highest common factor of 81 and 3618.
27
What is the greatest common factor of 1040 and 65?
65
Calculate the greatest common divisor of 52 and 78.
26
Calculate the greatest common factor of 19 and 46379.
19
Calculate the greatest common divisor of 10 and 5.
5
Calculate the highest common factor of 553 and 28.
7
Calculate the highest common factor of 352 and 11.
11
Calculate the highest common factor of 512 and 1216.
64
Calculate the greatest common divisor of 290 and 70.
10
What is the highest common factor of 5908 and 308?
28
Calculate th